hen 70 is divided by i.
7
Suppose -1 = 3*t - 52. Suppose 0 = -4*o + t + 75. Calculate the remainder when o is divided by 13.
10
Let s(f) = f**2 + 245. Calculate the remainder when s(0) is divided by 41.
40
Let b = 0 + 0. Suppose b*d + 325 = 5*d. What is the remainder when d is divided by 22?
21
Suppose -4*t - 28 = -4*s + t, t = -3*s + 21. What is the remainder when (-76)/(-6) - (-2)/6 is divided by s?
6
Suppose 13 = 3*c - 8. What is the remainder when c is divided by 5?
2
Suppose -q + 5 = 3*a - 38, 4*q - 29 = -a. What is the remainder when 22 is divided by a?
9
Let z = 34 + -16. Calculate the remainder when 53 is divided by z.
17
Let j = 29 + -13. Let k be j/6 + (-5)/(-15). Suppose 131 = 5*g - 4*q - 84, -k*q = 4*g - 203. Calculate the remainder when g is divided by 16.
15
Let v be (-79)/(-6) + 1/(-6). Let c = 19 - v. What is the remainder when 22 is divided by c?
4
What is the remainder when (7*2)/((-8)/(-12)) is divided by 6?
3
Let u = -60 - -102. Let w = u - 4. What is the remainder when w is divided by 20?
18
Let a = 13 + -9. Suppose -2*u + 4*z = -22 + 8, 0 = 3*u - a*z - 17. Suppose 2*d + 0*d - 22 = 0. Calculate the remainder when d is divided by u.
2
Let r be (-1)/4 - 4445/(-20). Calculate the remainder when (3/9)/(1/r) is divided by 19.
17
Let l be -2 + (0 + 177 - 0). Suppose 0*k = 3*k - a - 109, -5*k + 5*a = -l. Calculate the remainder when k is divided by 19.
18
Let f(x) = -10*x. Let b be f(-2). Suppose -n = n - b. Calculate the remainder when 29 is divided by (0 + 3)*n/2.
14
Suppose -3*l + 15 = 0, 5*g - 37 - 3 = -4*l. Suppose 132 = g*i + 48. Calculate the remainder when i is divided by 12.
9
Let y(f) = -f**3 - 4*f**2 + 4*f + 5. Calculate the remainder when y(-6) is divided by 7.
4
Suppose -4*c + 0*r = -5*r - 54, 1 = c + 5*r. What is the remainder when c is divided by ((-21)/(-18))/(2/12)?
4
Suppose -j = -4, 4*k = j - 5 + 1. Suppose k = 4*y + 2*v - 66, -29 = 3*y - v - 81. Calculate the remainder when y is divided by 9.
8
Let h be 0 + -1 - 21/(-7). Suppose -3*x = -5*t + 410 - 41, 2*x + 150 = h*t. Suppose n - 5*n + t = 0. Calculate the remainder when 34 is divided by n.
16
Let g be (-240)/25 - (-2)/(-5). Let w be ((-156)/g)/((-18)/(-60)). Suppose -2*t + w = -0*t. What is the remainder when t is divided by 9?
8
Suppose -3*n - 12 = 0, -n + 6*n = 2*t - 22. Calculate the remainder when 34 is divided by -1 - (t + -12) - -2.
10
Let k(j) = -53*j**3 + 1. Let c = 28 - 9. What is the remainder when k(-1) is divided by c?
16
Let f(l) = -l**3 - l**2 + 8*l + 4. Let m be f(-5). Suppose -3*h + t = -m, -5*h + 9 = -t - 95. What is the remainder when h is divided by 11?
9
Let k(g) be the first derivative of 29*g**2 + g - 3. Let w be k(1). Suppose -f - 63 = -4*r, r - 5*f - w = -3*r. Calculate the remainder when r is divided by 6.
4
Suppose -p - x = -3*x - 5, -x - 5 = 0. Let i(u) = 2*u**2 + 5*u + 6. Calculate the remainder when i(p) is divided by 8.
7
Let m(r) = r**2 - 6*r - 10. Let t(w) = w**3 + 2*w**2 + 11. What is the remainder when t(0) is divided by m(8)?
5
What is the remainder when 51 is divided by (-8)/12 + 83/3?
24
Let j(b) = -b + 4. Suppose -m - 15 = -6*m. What is the remainder when 1 is divided by j(m)?
0
Calculate the remainder when 37 is divided by (8 + -7)/((-1)/(-10)).
7
What is the remainder when (-12)/(-21) + 1048/28 is divided by 20?
18
What is the remainder when 19 is divided by -1 + 26/2 - 2?
9
Calculate the remainder when ((-2)/4)/((-4)/56) is divided by 2.
1
Let x = 6 + -1. Let b(c) = c**2 - 10*c + 23. What is the remainder when x is divided by b(7)?
1
Let c = -12 - -22. Calculate the remainder when c is divided by 5.
0
Let z = -3 + 4. Let v = 50 - z. Calculate the remainder when v is divided by 17.
15
Let r = 4 - 1. Suppose -2*b = 2*c - c - 12, -r*c + 4*b = 14. Suppose -c*p = -z + 2 - 15, -4*z - 34 = -5*p. What is the remainder when 17 is divided by p?
5
Let h = 29 - 20. Calculate the remainder when h is divided by 2.
1
Let u(x) be the third derivative of 0 - 7/6*x**3 - 1/12*x**4 - x**2 + 0*x. Calculate the remainder when 12 is divided by u(-7).
5
Let q(z) = z**2 + 18*z + 16. Let y be q(-12). Suppose -2*i - w = 25, 5*i - 6*w + 56 = -2*w. Calculate the remainder when 27 is divided by i/(-18) - y/6.
7
What is the remainder when ((-480)/(-25))/(2 + (-34)/20) is divided by 33?
31
Let k = -18 - -34. Calculate the remainder when 29 is divided by k.
13
Suppose 3*d - q = 3*q + 232, -262 = -3*d - 2*q. What is the remainder when d is divided by 15?
9
Let a = 52 + -30. Let u = 33 - 16. Suppose -3*j = 5*x - 53 + u, 5*x = 4*j - 48. What is the remainder when a is divided by j?
10
Let b = 11 - 9. Suppose 9 = b*d - 39. Let k(p) = -p**3 + 5*p**2 + 7*p + 7. Calculate the remainder when d is divided by k(6).
11
Let l(h) = 3*h**2 + 2. Let o(f) = -f**3 - 3*f**2 + 4*f + 2. Let k be 7 - 5 - (-1 - -7). Let t be o(k). What is the remainder when l(t) is divided by 5?
4
Suppose -2*x + j = 3*j - 10, 2*x - 13 = j. What is the remainder when 31 is divided by 160/15*x/4?
15
Let m = 20 + 4. Calculate the remainder when m is divided by 13.
11
Let h(n) = -n**2 - 23*n - 16. What is the remainder when 15 is divided by h(-22)?
3
Let p(u) = u + 2. Let l = 5 + 39. Let g = l - 22. Calculate the remainder when g is divided by p(6).
6
Let n(q) = 3*q + 2. Let l be n(10). Suppose -c + l = -3*f, 2*c + 2*c - 102 = -f. Calculate the remainder when c is divided by 7.
5
Calculate the remainder when (3/(-6))/(3 + (-25)/8) is divided by 1.
0
What is the remainder when ((-2)/3)/(4/(-138)) is divided by 8/(-20) - (-67)/5?
10
Let w = 8 + -5. Suppose 0 = w*z - 18 - 0. Let p = 7 + z. Calculate the remainder when 24 is divided by p.
11
Suppose 4*t - 22 = 3*t. Calculate the remainder when t is divided by 12.
10
Suppose -5*z + 138 - 23 = 0. Suppose 0*o - z = -o - 3*k, 0 = 5*o + k - 73. What is the remainder when 27 is divided by o?
13
Suppose -4*k + 4*o - 2 = 2, -23 = -2*k - 3*o. Calculate the remainder when 11 is divided by k.
3
Suppose 0 = 5*m - 373 - 82. What is the remainder when m is divided by 23?
22
Let f = 51 - 46. Calculate the remainder when 6 is divided by f.
1
Let q(k) = -k**2 - 9*k + 2. What is the remainder when 48 is divided by q(-8)?
8
Suppose -5*d + 18 = -2*x - 13, -3 = -3*d - 4*x. Let i = d - -3. What is the remainder when 30 is divided by i?
6
Suppose -3 = 4*j + 3*i - 16, 2*i + 10 = 0. Calculate the remainder when 41 is divided by (-4 + -4)*j/(-4).
13
Let h = 21 + -19. What is the remainder when 8 is divided by h?
0
Suppose 5*g = 2*g + 42. Calculate the remainder when g is divided by 8.
6
Let p(t) = -t + 23. Let u = -1 + 1. Calculate the remainder when p(u) is divided by 2 - (-9 + 9) - (0 - 11).
10
Let t = 12 + 3. What is the remainder when 56 is divided by t?
11
What is the remainder when 40 is divided by ((-84)/(-24))/((-2)/(-4))?
5
Let p = -13 - -22. Suppose 4*v + 16 = -5*u + 346, 0 = -3*u + v + 198. What is the remainder when (u/8)/(3/12) is divided by p?
6
Suppose 0 = -0*k - 2*k + 66. Suppose 13 = -t + 5*m, 3*t + 4*m - m - k = 0. Calculate the remainder when ((-36)/(-15))/((-2)/(-10)) is divided by t.
5
Calculate the remainder when 51 is divided by 208/10 - ((-7)/5)/7.
9
Let x = 4 - 2. Let f(u) = -4*u + 7*u**2 - x*u + 3*u - u**3. What is the remainder when f(6) is divided by 10?
8
Let t = 39 - 32. Calculate the remainder when 20 is divided by t.
6
Let t = -2 - -4. Suppose 3*g - 3*y = 3, -t*g - 2*y + 9 = -1. Suppose g*q - 8 = -q. What is the remainder when 3 is divided by q?
1
Suppose 5*v - 9*v = -32. Calculate the remainder when v is divided by 4.
0
Suppose 3*o + 489 = -5*v, -2*v + 204 = -4*v - 4*o. Let y = -44 - v. Calculate the remainder when y is divided by 18.
16
Let y(x) be the first derivative of 25*x**2/2 - 2*x - 2. Let w be y(-2). Let f = -31 - w. Calculate the remainder when f is divided by 11.
10
Let c(h) = -h**3 - 6*h**2 - 5*h + 6. Calculate the remainder when c(-6) is divided by 20.
16
Suppose 5 = -0*f + 5*f. Let v be (0 + -2)*(-7 - -5). Suppose -3*w - 12 = -v*h + 2, 3*h - 14 = 4*w. What is the remainder when h is divided by f?
0
Suppose 8*f + 0 = 288. What is the remainder when 176 is divided by f?
32
Let x = 26 + -13. Let g be (-1)/(((-1)/1)/2). Suppose -3*p - g*z = -149, 0 = -5*z + z + 4. Calculate the remainder when p is divided by x.
10
Let o(v) =